ghest common factor of 3009 and 2832.
177
Calculate the highest common divisor of 16323 and 3.
3
Calculate the greatest common divisor of 656912 and 16.
16
What is the greatest common divisor of 6120 and 80190?
90
What is the highest common divisor of 477785 and 3650?
365
What is the greatest common factor of 4830 and 215280?
690
What is the greatest common factor of 4144 and 96607?
259
Calculate the greatest common factor of 24074440 and 268.
268
Calculate the greatest common divisor of 16172 and 103252.
1244
What is the highest common factor of 83173 and 217?
31
What is the highest common divisor of 56 and 46326?
14
What is the highest common divisor of 567600 and 99?
33
Calculate the highest common divisor of 615 and 294660.
15
What is the highest common divisor of 1785 and 5565?
105
What is the highest common divisor of 2049381 and 81?
81
What is the highest common factor of 32216 and 72?
8
What is the highest common factor of 7130 and 80?
10
What is the greatest common factor of 9657 and 7569?
261
Calculate the highest common factor of 8 and 117636.
4
What is the highest common factor of 118 and 1162595?
59
What is the greatest common divisor of 513 and 114627?
57
What is the highest common factor of 3248 and 1239?
7
What is the greatest common factor of 117 and 9522?
9
What is the highest common factor of 116072 and 176?
88
What is the highest common factor of 22 and 1529?
11
What is the greatest common factor of 3150 and 518400?
450
What is the highest common factor of 33155 and 380?
95
What is the highest common factor of 5024 and 160?
32
What is the greatest common factor of 411 and 145083?
411
What is the highest common divisor of 23353 and 726?
121
Calculate the greatest common factor of 30774 and 966.
138
Calculate the greatest common factor of 12 and 4859508.
12
What is the greatest common factor of 203 and 16211?
29
What is the highest common divisor of 606 and 27674?
202
What is the highest common divisor of 181545 and 1456?
91
Calculate the greatest common divisor of 474 and 2252764.
158
Calculate the greatest common factor of 147 and 607551.
147
What is the highest common divisor of 3273 and 3?
3
What is the greatest common divisor of 650 and 2064530?
130
What is the highest common divisor of 1462 and 54309?
43
What is the greatest common divisor of 158 and 52061?
79
Calculate the greatest common factor of 4292 and 1.
1
What is the greatest common divisor of 3175 and 2413?
127
What is the highest common divisor of 73 and 2263?
73
Calculate the greatest common divisor of 672601 and 908.
227
What is the greatest common divisor of 9 and 63957?
3
Calculate the greatest common factor of 8932 and 572.
44
Calculate the highest common factor of 1782 and 10208.
22
What is the highest common factor of 297 and 17982?
27
What is the highest common factor of 6 and 10774?
2
What is the highest common factor of 105462 and 248?
62
Calculate the greatest common factor of 286 and 2327.
13
Calculate the highest common divisor of 133 and 1055089.
133
What is the greatest common factor of 233260 and 2507?
109
What is the highest common factor of 238914 and 1638?
234
Calculate the highest common factor of 78 and 16367.
13
Calculate the greatest common divisor of 215786 and 138.
46
What is the greatest common divisor of 9 and 30591?
9
What is the greatest common divisor of 4154 and 17554?
134
Calculate the highest common factor of 1725 and 625.
25
What is the greatest common divisor of 405969 and 16528?
1033
What is the greatest common factor of 155936 and 256?
32
What is the highest common factor of 22681 and 1591?
37
What is the highest common factor of 919581 and 6783?
969
Calculate the greatest common factor of 3583595 and 265.
265
What is the greatest common factor of 331405 and 395?
395
What is the greatest common divisor of 1204 and 46784?
172
What is the highest common factor of 77 and 2460689?
77
What is the greatest common divisor of 282 and 3459?
3
What is the greatest common divisor of 496 and 267220?
124
What is the highest common factor of 39875 and 2871?
319
What is the highest common divisor of 542 and 1128986?
542
What is the highest common factor of 189 and 902307?
21
Calculate the highest common divisor of 550 and 906125.
275
Calculate the highest common divisor of 1336 and 16190984.
1336
Calculate the greatest common factor of 148273 and 217.
31
Calculate the highest common divisor of 63 and 1827.
63
What is the greatest common divisor of 4050 and 3750?
150
What is the greatest common divisor of 4311 and 387511?
479
What is the highest common divisor of 4 and 5118?
2
What is the highest common divisor of 198753 and 1366?
683
What is the highest common factor of 3161 and 6641?
29
What is the highest common divisor of 71 and 881323?
71
What is the highest common factor of 386434 and 658?
94
Calculate the highest common factor of 99 and 33132.
33
Calculate the highest common factor of 236 and 5105152.
236
What is the greatest common factor of 9784 and 224?
8
Calculate the highest common factor of 699 and 22135.
233
Calculate the highest common divisor of 25 and 1993950.
25
Calculate the highest common divisor of 742 and 329.
7
Calculate the greatest common divisor of 1617 and 145677.
147
Calculate the highest common factor of 104920 and 30.
10
Calculate the highest common divisor of 967 and 2562550.
967
Calculate the highest common factor of 6900 and 330.
30
Calculate the greatest common factor of 12 and 138042.
6
Calculate the highest common divisor of 17510 and 1870.
170
What is the highest common factor of 149922 and 702?
18
Calculate the highest common divisor of 456 and 162982.
38
Calculate the greatest common divisor of 47294 and 663.
221
What is the highest common factor of 2248748 and 3912?
652
What is the highest common factor of 13091 and 1235?
247
Calculate the greatest common factor of 3 and 55911.
3
What is the highest common divisor of 126 and 2637?
9
What is the greatest common factor of 779332 and 138?
46
What is the highest common divisor of 493309 and 2932?
733
What is the highest common divisor of 15144 and 72?
24
What is the greatest common factor of 148 and 1399747?
37
What is the highest common divisor of 10197 and 6534?
99
What is the highest common divisor of 15102 and 72?
18
Calculate the greatest common factor of 5556363 and 138.
69
What is the greatest common divisor of 2212 and 182?
14
What is the greatest common divisor of 1 and 106163?
1
Calculate the greatest common factor of 216 and 50328.
216
What is the highest common factor of 4872 and 3326358?
1218
Calculate the highest common divisor of 2 and 38790.
2
What is the highest common factor of 19 and 224105?
19
What is the greatest common factor of 711450 and 90?
90
What is the greatest common factor of 28750 and 90?
10
What is the greatest common factor of 3859901 and 17?
17
Calculate the highest common factor of 968 and 44044.
484
Calculate the greatest common divisor of 60882 and 55878.
834
What is the highest common divisor of 3 and 29640?
3
Calculate the highest common divisor of 36892 and 115.
23
Calculate the highest common divisor of 1472 and 3483488.
736
What is the highest common factor of 5928 and 520?
104
Calculate the highest common divisor of 2373 and 299789.
791
What is the greatest common divisor of 2911444 and 172?
172
What is the highest common factor of 407482 and 3634?
158
What is the greatest common divisor of 39 and 109941?
39
What is the highest common factor of 293185 and 7831?
191
Calculate the greatest common divisor of 948 and 15672.
12
What is the greatest common factor of 10089 and 2304?
9
What is the highest common divisor of 2678 and 4238?
26
Calculate the greatest common factor of 96945 and 1380.
345
Calculate the greatest common divisor of 3145 and 85.
85
What is the greatest common divisor of 464 and 15225?
29
Calculate the greatest common divisor of 7979541 and 1506.
753
What is the greatest common divisor of 1443 and 10491?
39
What is the highest common divisor of 64528 and 3034?
74
Calculate the highest common factor of 34952 and 77100.
1028
Calculate the highest common divisor of 4417 and 205075.
631
What is the highest common divisor of 884 and 2183480?
884
What is the greatest common factor of 3045 and 287?
